184. What is the tens digit of m(11)?
1
Let y(u) = -u**3 + 14*u**2 + 15*u - 3. Let b be y(14). Let t = -120 + b. What is the tens digit of t?
8
Let t = 159 + -229. What is the units digit of 5*(-452)/t + (-4)/14?
2
Suppose -5*g = g + 18. Let y(l) = -3*l - 7. What is the units digit of y(g)?
2
What is the thousands digit of (-6 + 5949/(-15))/((-1)/5)?
2
Suppose -1 = 5*y + 4, 127 = -4*q - 3*y. Let b = q - -42. What is the units digit of b?
1
Suppose 7 = 3*g - 8. Suppose -z - 16 = -g*z. Suppose 21 = z*k - 51. What is the tens digit of k?
1
Let g(f) = 247*f + 537. What is the hundreds digit of g(7)?
2
Suppose -4*d = 12, -3*d - 1509 = -2*t - 3*t. What is the units digit of t?
0
Let y be ((-1)/(-2))/((-12)/(-120)). Suppose -139 - 26 = -y*i. What is the tens digit of i?
3
Let b = 50 - -40. Suppose b = -0*d + 5*d. Suppose d = t - 14. What is the tens digit of t?
3
Let v(z) = -2*z**2 + 9*z + 10. Let a be v(-6). What is the tens digit of (a/(-8))/((-1)/(-2))?
2
Let y(v) = 3*v**3 + 2*v**2 + 27*v - 31. What is the tens digit of y(7)?
8
Let i be -1*2/(-3*(-8)/60). Let p(y) = 4*y**2 + 8*y + 19. What is the tens digit of p(i)?
7
What is the hundreds digit of 2034/(-3)*19/(-19)?
6
Let n = 3892 - 695. What is the tens digit of n?
9
Suppose 0 = 4*n + 12, -55 = -x - 0*x - 5*n. Suppose 2*p - 5*g = 50, -4*p = -7*p + 5*g + x. What is the tens digit of p?
2
Let m(g) = 7*g**2 + 33*g - 111. What is the tens digit of m(-23)?
3
Let s(g) = g**3 + 5*g**2 + 6*g + 5. Let c be s(-4). Let a be (8*c/(-6))/(-1). Let r(d) = 3*d**2 - d - 8. What is the tens digit of r(a)?
4
Suppose 0 = -5*t - k + 21, -2 + 9 = 2*t - k. Suppose -5*d + 102 = u - 2*d, 0 = -t*d + 12. What is the tens digit of u?
9
Suppose 5*h = -5*c + 650, -2*c + 260 = 2*h - c. What is the units digit of h/8 + 30/40?
7
Suppose 107 = 8*u - 1029. What is the tens digit of u?
4
Suppose 4*s - 16 - 12 = 0. Let p(i) be the third derivative of i**5/30 - 7*i**4/24 - 5*i**3/3 - 60*i**2. What is the units digit of p(s)?
9
Let z(c) = -2*c + 3. Let w be z(6). Let v = -4 - w. Suppose -k = 0, -v*y - k + 215 = -3*k. What is the units digit of y?
3
Let y(m) = -13*m**3 - 3 - 3*m - m**2 + 14*m**3 + 2. Let h be y(3). Let t = h - 3. What is the units digit of t?
5
Let m = 28 + -14. Suppose 2*x - m = 36. Let a = -17 + x. What is the units digit of a?
8
Let w be -14*2/(-4) + 0. Suppose -w*d + 1299 = 11. What is the units digit of d?
4
Suppose -3*j = -j - 4. Let a be (-1)/2*j*0. Let t = 27 - a. What is the tens digit of t?
2
Suppose -l + z = 3*z + 2, 0 = 2*l - 4*z - 4. Suppose y = -l*y - s + 208, 5*s + 184 = y. What is the units digit of y?
4
Let h(r) be the second derivative of r**4/12 + 3*r**3/2 + 9*r**2/2 - 4*r. Suppose -4*g = 20 + 12. What is the units digit of h(g)?
1
Suppose -85*s = -89*s + 204. What is the units digit of s?
1
Suppose 5*i = -25, -38 = -0*m - 3*m + 4*i. Let k = m - 2. Suppose 6*u = -k + 388. What is the tens digit of u?
6
What is the thousands digit of 17*(7/(-5) + 11744/160)?
1
What is the hundreds digit of 2 - 135/63 - (-36627)/21?
7
Let f be (-82)/4*(14 + -18). Suppose f = 5*a - w - 284, 2*a = -4*w + 142. What is the tens digit of a?
7
Suppose 0 = 5*y - 3*r - 13620, 5*y + 3*r - 3997 = 9653. What is the thousands digit of y?
2
Let o = -124 - -124. Suppose 2*t = 3*v + 457, 0 = -o*t + 4*t + v - 949. What is the tens digit of t?
3
Let g = 260 - 100. What is the units digit of g?
0
Suppose -48*x + 59675 = 1067. What is the hundreds digit of x?
2
Let u(t) = -t**3 + 29*t**2 + 31*t + 40. What is the hundreds digit of u(20)?
2
Let g(a) = 41*a - 156. Let x(n) = -8*n + 31. Let d(t) = 2*g(t) + 11*x(t). What is the units digit of d(-19)?
3
Let o = 5748 - 3222. What is the units digit of o?
6
Let w(f) = f**3 + 3*f**2 - 9*f + 4. Let l be w(-7). What is the units digit of (-2 + 1)*l - (-1 - 3)?
3
Let q(n) = -n**2 - 10*n + 4. Let r be 15*(-1 - 3/(-9)). Let u be q(r). What is the units digit of (-9200)/(-170) - u/34?
4
Let h = -932 + 2177. What is the tens digit of h?
4
Let l be (0 - (-6)/5)*-35. Let z be (-67)/7 - (-18)/l. Let b = z - -17. What is the units digit of b?
7
Suppose -6*q = -620 - 2332. Suppose 0*r - 3*r = -q. What is the units digit of r?
4
Suppose 5*p - 779 = -3*r, 6*r = -5*p + r + 785. What is the hundreds digit of p?
1
Let a(b) = -23*b + 141. What is the units digit of a(6)?
3
Let c = -4 - -6. Suppose -c*b = 2*b - 248. Suppose 0 = -3*t + 13 + b. What is the tens digit of t?
2
Suppose -11*f + 1400 + 525 = 0. What is the units digit of f?
5
Let l be (-1)/4 - 66/(-8). Let f = -6 + l. Suppose b - f*v - 24 - 2 = 0, 0 = -2*b - v + 42. What is the units digit of b?
2
Let n(u) = -2*u**2 + 3*u. Let m be n(4). Let s = 211 + -187. Let r = m + s. What is the units digit of r?
4
Let v = -16 + 10. Let o(w) be the second derivative of -w**3/3 - w**2 + 3*w. What is the units digit of o(v)?
0
Let z = 13 + -10. Suppose p = t - z*t + 20, 70 = 3*p + 4*t. What is the units digit of p?
0
Let m(h) = 7*h - 4*h + 2 + 4*h**3 - 5*h**3. Suppose 3*t + 2 = 2*t. What is the units digit of m(t)?
4
Let w = 78 + 156. What is the tens digit of (1579/39 + (-36)/w)*3?
2
Let r(t) be the first derivative of -t**4/4 + t**3 + t**2/2 + 5*t - 1. Let g be r(4). Let v = 0 - g. What is the units digit of v?
7
Let l = -78 + 198. Let k = l + 21. What is the units digit of (6 + -3)/(9/k)?
7
Suppose 4*x - 626 = 646. What is the hundreds digit of x?
3
Let z(q) = -q**2 - 44*q + 56. What is the units digit of z(-26)?
4
Let p(v) be the third derivative of v**5/20 + v**4/6 + 19*v**3/6 - 13*v**2. What is the tens digit of p(-5)?
7
Suppose 3*r + 376 = u - 375, -4*u + 2*r = -2954. What is the hundreds digit of u?
7
Let p = -1920 - -1368. Let x be 2/(-7) + p/(-21). Let s = x - -7. What is the units digit of s?
3
Let i be 16/(-4) - 0/4. What is the tens digit of (-258)/i*6/18*14?
0
Suppose 0*y + y = 0. Suppose 2*c - 5*c = y. Suppose p - 3 - 25 = c. What is the units digit of p?
8
Let x be (-19)/(-3) + 4/(-12) + -2. Suppose 7*q + 555 = 3*i + 4*q, 3*i - 520 = -x*q. What is the units digit of i?
0
Let n be 30/(-7) - 24/(-84). What is the units digit of 180/n*4/(-3)?
0
Let s(v) be the first derivative of -v**2 - 4*v + 54. Let m = 5 + -11. What is the units digit of s(m)?
8
Let m = -1240 - -3870. What is the units digit of m?
0
Let k be (-6 + (-20)/(-5))*-26. Suppose 3*h = 3*r + 30, -5*r - k = -4*h - 12. What is the tens digit of h?
1
Suppose q - 4 = 0, 0*s - 22 = 2*s - 4*q. Let a be 30/(s*(-2)/(-4)). Let n = 34 + a. What is the tens digit of n?
1
Let v = 124 - 7. What is the tens digit of 1188/v - (-4)/(-26)?
1
Let j(n) = -4*n + 54. Let v(r) be the third derivative of -r**4/24 - 12*r**2. Let u(c) = j(c) - 6*v(c). What is the tens digit of u(0)?
5
Let o(k) = 2*k**3 - 5*k**2 - k - 56. What is the tens digit of o(8)?
4
Let h be 0/((-8)/2) - 4. Let c be 8 + (-4 - h) - -4. Suppose 0 = 7*b - c*b + 255. What is the tens digit of b?
5
What is the units digit of ((-9360)/450)/((-8)/30)?
8
Suppose 0 = -5*c + 4*v, 2*v - 4*v = 5*c. Suppose -4*j + 7*j - 84 = c. Suppose 6*r + j = 7*r. What is the units digit of r?
8
Let t(y) = -64*y + 2. Let v be t(-1). Suppose -8*d - v = -394. What is the units digit of d?
1
Suppose 356*x = 352*x + 6804. What is the tens digit of x?
0
Suppose 26*t = 21*t + 1865. What is the tens digit of t?
7
Let q be 0/39*2/4. Suppose q = 5*m - 2 - 8, 4*y + 4*m = 1180. What is the tens digit of y?
9
What is the hundreds digit of -7 + 118 + 4 + -4?
1
Let s = 288 - 254. What is the units digit of s?
4
Let d = 2193 - 830. What is the hundreds digit of d?
3
Let o(w) = -3*w + 3. Let j = -21 + 20. What is the units digit of o(j)?
6
Let g(m) = 10*m**2 + 7*m - 8. What is the tens digit of g(-5)?
0
Let i be -1 + (6 - 1) + -3. Suppose -i = -b, -5*b = -6*a + a + 45. What is the tens digit of a?
1
Suppose -584 = -2*g + 704. What is the units digit of g/8 + 4/8?
1
Suppose 27 = 4*h - h. Let c(g) = -g**2 + 9*g + 7. What is the units digit of c(h)?
7
Let k(m) = -m**3 + 13*m**2 + 2*m + 44. What is the hundreds digit of k(7)?
3
What is the tens digit of (-135*216/(-300))/(2/15)?
2
Let h(g) = g + 1. Let w = 7 + -4. Let s be h(w). Suppose 3*r - 123 = -4*a, r = s*a - 0*r - 103. What is the units digit of a?
7
Let t = -23 + 73. Suppose -t = -6*d + 82. What is the units digit of d?
2
Suppose 